{"id":3,"date":"2018-06-24T22:12:41","date_gmt":"2018-06-24T22:12:41","guid":{"rendered":"http:\/\/asociatia-macedonenilor.ro\/?page_id=3"},"modified":"2020-10-13T18:31:25","modified_gmt":"2020-10-13T18:31:25","slug":"politica-de-confidentialitate","status":"publish","type":"page","link":"https:\/\/asociatia-macedonenilor.ro\/index.php\/politica-de-confidentialitate\/","title":{"rendered":"Politic\u0103 de confiden\u021bialitate"},"content":{"rendered":"<p>Urm\u0103toarea informare este conceput\u0103 pentru a v\u0103 aduce la cuno\u0219tin\u021b\u0103 aspectele cu privire la prelucrarea datelor dvs. personale \u0219i la drepturile dvs. privind aceast\u0103 prelucrare \u00een conformitate cu:<\/p>\n<p>REGULAMENTUL (UE) 2016\/679 AL PARLAMENTULUI EUROPEAN \u0218I AL CONSILIULUI din 27 aprilie 2016 privind protec\u021bia persoanelor fizice \u00een ceea ce prive\u0219te prelucrarea datelor cu caracter personal \u0219i privind libera circula\u021bie a acestor date \u0219i de abrogare a Directivei 95\/46\/CE (Regulamentul general privind protec\u021bia datelor).<\/p>\n<p>LEGEA nr. 190 din 18 iulie 2018 privind m\u0103suri de punere \u00een aplicare a Regulamentului (UE) 2016\/679 al Parlamentului European \u0219i al Consiliului din 27 aprilie 2016 privind protec\u021bia persoanelor fizice \u00een ceea ce prive\u0219te prelucrarea datelor cu caracter personal \u0219i privind libera circula\u021bie a acestor date \u0219i de abrogare a Directivei 95\/46\/CE (Regulamentul general privind protec\u021bia datelor)<\/p>\n<p>LEGEA nr. 506\/2004 privind prelucrarea datelor cu caracter personal \u0219i protec\u021bia vie\u021bii private \u00een sectorul comunica\u021biilor electronice<\/p>\n<p>\u00a0<\/p>\n<ol>\n<li>Informa\u021bii generale<\/li>\n<\/ol>\n<p>\u00a0<\/p>\n<p>ASOCIA\u021aIA MACEDONENILOR DIN ROM\u00c2NIA, cu sediul \u00een Strada Thomas Masaryk nr.29, sector 2 Bucure\u0219ti, Rom\u00e2nia\u00a0 (\u201eAsocia\u021bia\u201d), reprezent\u0103m operatorul \u00een conformitate cu GDPR. Datele de contact ale responsabilului Asocia\u021biei cu protec\u021bia datelor sunt: e-mail contact@asociatia-macedonenilor.ro.<\/p>\n<p>\u00a0<\/p>\n<ol start=\"2\">\n<li>Scopul prelucr\u0103rii \u0219i categoriile de date prelucrate:<\/li>\n<\/ol>\n<p>\u00a0<\/p>\n<p>V\u0103 inform\u0103m c\u0103 Scopul fundamental al Asocia\u021biei este acela de a:<\/p>\n<p>\uf076\u00a0\u00a0\u00a0\u00a0\u00a0\u00a0\u00a0\u00a0\u00a0\u00a0\u00a0\u00a0 reprezenta public, promova \u0219i ocroti interesele etniei macedonene din Rom\u00e2nia;<\/p>\n<p>\uf076\u00a0\u00a0\u00a0\u00a0\u00a0\u00a0\u00a0\u00a0\u00a0\u00a0\u00a0\u00a0 aprofunda cunoa\u0219terea culturii, limbii \u0219i istoriei macedonenilor;<\/p>\n<p>\uf076\u00a0\u00a0\u00a0\u00a0\u00a0\u00a0\u00a0\u00a0\u00a0\u00a0\u00a0\u00a0 ap\u0103ra \u0219i l\u0103rgi drepturile individuale ale membrilor minorit\u0103\u021bii macedonene din Rom\u00e2nia;<\/p>\n<p>\uf076\u00a0\u00a0\u00a0\u00a0\u00a0\u00a0\u00a0\u00a0\u00a0\u00a0\u00a0\u00a0 \u00eent\u0103ri raporturile de colaborare rom\u00e2no-macedonene.<\/p>\n<p>Pentru realizarea acestui Scop Asocia\u021bia prelucreaz\u0103 date cu caracter personal \u00een cadrul urm\u0103toarelor opera\u021biuni:<\/p>\n<p>\uf0d8\u00a0\u00a0\u00a0\u00a0\u00a0\u00a0\u00a0\u00a0\u00a0\u00a0\u00a0\u00a0 \u00eenscrierea ca membru al organiza\u021biei noastre;<\/p>\n<p>\uf0d8\u00a0\u00a0\u00a0\u00a0\u00a0\u00a0\u00a0\u00a0\u00a0\u00a0\u00a0\u00a0 furnizarea de informa\u021bii cu privire la activit\u0103\u021bile (organizare de congrese, simpozioane, colocvii, conferin\u021be de pres\u0103, manifest\u0103ri culturale \u0219i sportive, expozi\u021bii, tabere \u0219i excursii, festivaluri, lans\u0103ri de carte, etc), proiectele na\u021bionale \u0219i interna\u021bionale derulate de Asocia\u021bie \u0219i punctele sale de lucru;<\/p>\n<p>\uf0d8\u00a0\u00a0\u00a0\u00a0\u00a0\u00a0\u00a0\u00a0\u00a0\u00a0\u00a0\u00a0 editarea \u0219i difuzarea de publica\u021bii de interes pentru membrii etniei;<\/p>\n<p>\uf0d8\u00a0\u00a0\u00a0\u00a0\u00a0\u00a0\u00a0\u00a0\u00a0\u00a0\u00a0\u00a0 fotografierea \u0219i filmarea unor evenimente organizate de Asocia\u021bie sau Punctele sale \u0219i arhivarea acestor fotografii \u0219i film\u0103ri \u00een scopuri statistice ori de cercetare istoric\u0103;<\/p>\n<p>\uf0d8\u00a0\u00a0\u00a0\u00a0\u00a0\u00a0\u00a0\u00a0\u00a0\u00a0\u00a0\u00a0 participarea la sondaje de opinie cu privire la evenimentele organizate de Asocia\u021bie;<\/p>\n<p>\u00a0<\/p>\n<p>\u00cen\u00a0 ASOCIA\u021aIA MACEDONENILOR DIN ROM\u00c2NIA sunt prelucrate urm\u0103toarele categorii de date:<\/p>\n<ul>\n<li>Pentru \u00eenscrierea \u00een organiza\u021bie (prin semnarea adeziunii): Nume, prenume, prenumele p\u0103rin\u021bilor, data \u0219i locul na\u0219terii, adresa de domiciliu\/re\u0219edin\u021b\u0103, serie \u0219i num\u0103r document de identitate (CI\/BI), data \u0219i locul eliber\u0103rii actului de identitate, CNP, profesia, adresa de e-mail, num\u0103rul de telefon \u0219i semn\u0103tura;<\/li>\n<li>Contactul dvs. cu noi, cum ar fi \u00eenregistrarea unui mesaj \u00een cadrul site-ului: numele \u0219i prenumele, adresa de e-mail;<\/li>\n<li>\u00censcrierea \u00een cadrul site-ului pentru a primi informa\u021bii cu privire la activit\u0103\u021bile planificate a se desf\u0103\u0219ura de c\u0103tre Asocia\u021bie: numele \u0219i prenumele, adresa de e-mail;<\/li>\n<li>Pentru participarea la evenimentele Asocia\u021biei: numele \u0219i prenumele, adresa de e-mail, pentru invita\u021bie \u0219i ulterior imaginea dumneavoastr\u0103 captat\u0103 prin mijloace foto sau film\u0103ri (imagini care vor fi stocate \u00een arhiva istoric\u0103 a Asocia\u021biei);<\/li>\n<li>R\u0103spunsurile la invita\u021bii \u0219i confirm\u0103rile de participare la evenimente.<\/li>\n<li>\u00censcrierea \u00een cadrul site-ului pentru a primi ultimele informa\u021bii redactate de publica\u021biile Asocia\u021biei;<\/li>\n<li>Preferin\u021bele dvs. pentru anumite informa\u021bii atunci c\u00e2nd ne spune\u021bi care sunt acestea sau atunci c\u00e2nd presupunem care sunt, \u00een baza modului \u00een care vizita\u021bi site-ul, \u00een acest fel vom putea transmite cu prioritate ceea ce v\u0103 intereseaz\u0103;<\/li>\n<li>A se vedea sec\u021biunea Cookie-uri pentru detalii privind ceea ce colect\u0103m utiliz\u00e2nd cookie-uri;<\/li>\n<li>Informa\u021biile pe care le ob\u021binem din alte surse, cum ar fi autorit\u0103\u021bi publice sau private, agen\u021bii de prevenire a fraudelor, precum \u0219i de la al\u021bi furnizori de date. Acestea includ date demografice, date referitoare la interese, precum \u0219i comportamentul la navigarea online.<\/li>\n<\/ul>\n<p>Datele personale pe care le prelucr\u0103m sunt, \u00een principal, datele tale de identificare sau alte date personale pe care le colect\u0103m direct de la dumneavoastr\u0103 sau din alte surse atunci c\u00e2nd deveni\u021bi membru al Asocia\u021biei sau c\u00e2nd primi\u021bi informa\u021bii privind activit\u0103\u021bile noastre.<\/p>\n<p>Datele cu caracter personal sensibile dezv\u0103luie originea dumneavoastr\u0103 rasial\u0103 \u0219i etnic\u0103, opiniile politice, convingerile religioase \u0219i filozofice, afilierea sindical\u0103, datele genetice, datele biometrice, datele referitoare la s\u0103n\u0103tate sau datele referitoare la via\u021ba sau orientarea sexual\u0103.<\/p>\n<p>ASOCIA\u021aIA MACEDODENILOR DIN ROM\u00c2NIA colecteaz\u0103 de la dumneavoastr\u0103\u00a0 date cu caracter personal sensibile respectiv, date privind etnia (la \u00eenscrierea \u00een organiza\u021bie conform statutului propriu) precum \u0219i, unele date de s\u0103n\u0103tate pentru a le utiliza \u00een diversele ac\u021biuni caritabile.<\/p>\n<p>\u00a0<\/p>\n<ol start=\"3\">\n<li>Temeiul juridic al prelucr\u0103rii<\/li>\n<\/ol>\n<p>\u00a0<\/p>\n<p>Baza legal\u0103 pentru colectarea \u0219i procesarea datelor dumneavoastr\u0103 pentru fiecare din scopurile men\u021bionate mai sus este:<\/p>\n<p>\uf0d8\u00a0\u00a0\u00a0\u00a0\u00a0\u00a0\u00a0\u00a0\u00a0\u00a0\u00a0\u00a0 Consim\u021b\u0103m\u00e2ntul dumneavoastr\u0103 acordat la \u00eenscrierea ca membru\/membru simpatizant al Asocia\u021biei;<\/p>\n<p>\uf0d8\u00a0\u00a0\u00a0\u00a0\u00a0\u00a0\u00a0\u00a0\u00a0\u00a0\u00a0\u00a0 Interesul legitim al Asocia\u021biei pentru a \u00eembun\u0103t\u0103\u021bi permanent activit\u0103\u021bile propuse a se derula. Ori de c\u00e2te ori ne baz\u0103m pe acest temei juridic pentru a prelucra datele dvs., evalu\u0103m interesele noastre pentru a ne asigura c\u0103 acestea nu prevaleaz\u0103 asupra drepturilor dvs. \u00cen plus, \u00een unele cazuri ave\u021bi dreptul de a v\u0103 opune acestei prelucr\u0103ri. Utiliz\u0103m interesul legitim al Asocia\u021biei pentru a ne permite exercitarea drepturilor prev\u0103zute de lege \u00een favoarea noastr\u0103, pentru a ac\u021biona \u00een justi\u021bie contra oric\u0103rei activit\u0103\u021bi ilegale sau care prejudiciaz\u0103 Asocia\u021bia;<\/p>\n<p>\uf0d8\u00a0\u00a0\u00a0\u00a0\u00a0\u00a0\u00a0\u00a0\u00a0\u00a0\u00a0\u00a0 Conformarea cu o cerin\u021b\u0103 legal\u0103 imperativ\u0103, de exemplu, cerin\u021be contabile \u0219i fiscale, care fac obiectul unor politici interne stricte (cum ar fi perioadele de p\u0103strare); sau<\/p>\n<p>\uf0d8\u00a0\u00a0\u00a0\u00a0\u00a0\u00a0\u00a0\u00a0\u00a0\u00a0\u00a0\u00a0 Prelucrarea este necesar\u0103 pentru \u00eendeplinirea unei sarcini care serve\u0219te unui interes public sau \u00een scop de arhivare istoric\u0103.<\/p>\n<p>\u00a0<\/p>\n<p>Vom colecta datele dvs. cu caracter personal atunci c\u00e2nd, de exemplu:<\/p>\n<ul>\n<li>V\u0103 \u00eenscrie\u021bi \u00een organiza\u021bia noastr\u0103;<\/li>\n<li>V\u0103 \u00eenregistra\u021bi pentru a primi diverse informa\u021bii;<\/li>\n<li>V\u0103 abona\u021bi la diverse publica\u021bii;<\/li>\n<li>Ne contacta\u021bi prin diverse canale, sau ne solicita\u021bi informa\u021bii \u00een leg\u0103tur\u0103 cu un eveniment;<\/li>\n<li>Vizita\u021bi sau naviga\u021bi pe site-ul nostru;<\/li>\n<li>Atunci c\u00e2nd datele dvs. cu caracter personal sunt publice; sau<\/li>\n<li>Sunte\u021bi furnizorul unei activit\u0103\u021bi comerciale pe care o achizi\u021bion\u0103m\/prest\u0103m.<\/li>\n<\/ul>\n<p>\u00a0<\/p>\n<p>De asemenea, colect\u0103m informa\u021bii de la anumite organiza\u021bii, dac\u0103 este cazul \u0219i \u00een m\u0103sura \u00een care avem temeiuri legale \u00een acest sens. Acestea includ agen\u021bii de prevenire a fraudelor, agen\u021bii de verificare\/control, agen\u021bii de calculare a facturii \u0219i prestatori de servicii contractate.<\/p>\n<p>Utiliz\u0103m cookie-uri (fi\u0219iere text de mici dimensiuni stocate \u00een browser-ul dvs.) \u0219i alte tehnici cum ar fi web beacons (fi\u0219iere de tip imagine mici, transparente utilizate pentru a urm\u0103ri mi\u0219c\u0103rile dvs. pe site-ul nostru). Pentru detalii suplimentare \u00een acest sens \u0219i \u00een leg\u0103tur\u0103 cu modul de a opta pentru renun\u021barea la acestea, v\u0103 rug\u0103m s\u0103 consulta\u021bi sec\u021biunea Cookie-uri pe site-ul nostru www.asociatia-macedonenilor.ro<\/p>\n<p>\u00a0<\/p>\n<ol start=\"4\">\n<li>Categoriile de destinatari c\u0103tre care se pot divulga datele personale colectate:<\/li>\n<\/ol>\n<p>Pentru a atinge scopurile prev\u0103zute mai sus, utiliz\u0103m urm\u0103toarele categorii de furnizori de produse \u0219i servicii\/ \u00eemputernici\u021bi :<\/p>\n<p>\uf0d8\u00a0\u00a0\u00a0\u00a0\u00a0\u00a0\u00a0\u00a0\u00a0\u00a0\u00a0\u00a0 furnizorii implica\u021bi \u00een mod direct\/indirect \u00een prestarea serviciilor de curierat;<\/p>\n<p>\uf0d8\u00a0\u00a0\u00a0\u00a0\u00a0\u00a0\u00a0\u00a0\u00a0\u00a0\u00a0\u00a0 autorit\u0103\u021bile statului (inclusiv autorit\u0103\u021bi fiscale);<\/p>\n<p>\uf0d8\u00a0\u00a0\u00a0\u00a0\u00a0\u00a0\u00a0\u00a0\u00a0\u00a0\u00a0\u00a0 contabili, auditori, exper\u021bi judiciari, avoca\u021bi sau al\u021bi asemenea consilieri externi ai Asocia\u021biei sau c\u0103tre ter\u021be persoane care furnizeaz\u0103 produse \u0219i servicii companiei (furnizorii de servicii de paza, de sisteme IT, consultan\u021bi financiari);<\/p>\n<p>\uf0d8\u00a0\u00a0\u00a0\u00a0\u00a0\u00a0\u00a0\u00a0\u00a0\u00a0\u00a0\u00a0 furnizorii Societ\u0103\u021bii implica\u021bi \u00een mod direct\/indirect \u00een procesul de promovare.<\/p>\n<p>\u00a0<\/p>\n<ol start=\"5\">\n<li>Transferul datelor cu caracter personal<\/li>\n<\/ol>\n<p>\u00a0<\/p>\n<p>Datele cu caracter personal furnizate c\u0103tre ASOCIA\u021aIA MACEDONENILOR DIN ROM\u00c2NIA pot fi transferate \u00een afara Rom\u00e2niei at\u00e2t c\u0103tre state din Uniunea European\u0103 c\u00e2t \u0219i \u00een afara spa\u021biului Uniunii Europene. Atunci c\u00e2nd Asocia\u021bia transfer\u0103 date personale \u00een \u021b\u0103ri care nu fac parte din Uniunea European\u0103 va lua m\u0103suri tehnice \u0219i organizatorice adecvate pentru protec\u021bia acestora, iar transferul se va efectua cu acordul dumneavoastr\u0103.<\/p>\n<p>\u00a0<\/p>\n<p>\u00a0<\/p>\n<ol start=\"6\">\n<li>Durata p\u0103str\u0103rii<\/li>\n<\/ol>\n<p>\u00a0<\/p>\n<p>Datele Dumneavoastr\u0103 personale vor fi p\u0103strate de Asocia\u021bie pentru o perioad\u0103 care nu dep\u0103\u0219e\u0219te perioada necesar\u0103 pentru a atinge scopurile descrise mai sus \u0219i\/sau pentru orice alt\u0103 durat\u0103 necesar\u0103 \u00een virtutea obliga\u021biilor legale aplicabile Asocia\u021biei, folosind urm\u0103toarele criterii de stabilire a acestei perioade:<\/p>\n<ol>\n<li>a) Atunci c\u00e2nd deveni\u021bi membru al organiza\u021biei noastre, p\u0103str\u0103m datele dumneavoastr\u0103 personale p\u00e2n\u0103 la data retragerii din organiza\u021bie;<\/li>\n<li>b) \u00cen cazul \u00een care participa\u021bi la un eveniment, p\u0103str\u0103m datele dumneavoastr\u0103 personale pe toat\u0103 durata de derulare a evenimentului;<\/li>\n<li>c) \u00cen cazul \u00een care presta\u021bi un serviciu, p\u0103str\u0103m datele dumneavoastr\u0103 personale pe durata contractului \u0219i ulterior finaliz\u0103rii acestuia, dar nu mai mult de 10 ani de la ultima coresponden\u021b\u0103 trimis\u0103, pentru respectarea prevederilor de fiscalitate;<\/li>\n<li>d) \u00cen cazul \u00een care v-a\u021bi \u00eenscris pe site-ul nostru, p\u0103str\u0103m datele dumneavoastr\u0103 personale p\u00e2n\u0103 c\u00e2nd solicita\u021bi s\u0103 le \u0219tergem sau dup\u0103 o perioad\u0103 de inactivitate (f\u0103r\u0103 o interac\u021biune activ\u0103 cu noi). \u00cen acest sens, men\u021bion\u0103m c\u0103 datele prelucrate pentru acest scop vor fi \u0219terse la 3 ani dup\u0103 ultima interac\u021biune;<\/li>\n<li>e) \u00cen cazul \u00een care v-a\u021bi oferit consim\u021b\u0103m\u00e2ntul pentru a primi informa\u021bii, p\u0103str\u0103m datele dumneavoastr\u0103 personale p\u00e2n\u0103 c\u00e2nd v\u0103 dezabona\u021bi sau solicita\u021bi s\u0103 le \u0219tergem sau dup\u0103 o perioad\u0103 de inactivitate.<\/li>\n<li>f) \u00cen cazul \u00een care modulele cookie sunt stocate pe computer, le p\u0103str\u0103m at\u00e2ta timp c\u00e2t este necesar pentru ca acestea s\u0103 \u00ee\u0219i ating\u0103 scopurile \u0219i pentru o perioad\u0103 definit\u0103 \u00een conformitate cu reglement\u0103rile \u0219i \u00eendrum\u0103rile tehnice. \u00cen acest sens, men\u021bion\u0103m c\u0103 datele prelucrate prin modulele cookies folosite pentru a furniza publicitate comportamental\u0103 online, pentru a ne personaliza informa\u021biile pentru dumneavoastr\u0103 \u0219i pentru a permite distribuirea con\u021binutului nostru pe site-uri de socializare (butoane de distribuire destinate afi\u0219\u0103rii site-ului), vor fi p\u0103strate pentru o perioad\u0103 de maxim 10 ani de la colectarea acestora, \u00een baza consim\u021b\u0103m\u00e2ntului dumneavoastr\u0103.<\/li>\n<\/ol>\n<p>\u00a0<\/p>\n<ol start=\"7\">\n<li>Drepturile dumneavoastr\u0103<\/li>\n<\/ol>\n<p>Regulamentul confer\u0103 persoanelor c\u0103rora li se prelucreaz\u0103 date personale o serie de drepturi. Astfel, pe l\u00e2ng\u0103 drepturile existente \u00een prezent, reg\u0103sim \u0219i dreptul la portabilitatea datelor \u0219i pe cel de \u0219tergere a datelor. Pe scurt, drepturile pe care le ave\u021bi:<\/p>\n<p>Dreptul de a retrage oric\u00e2nd un consim\u021b\u0103m\u00e2nt dat \u00een vederea opririi unei prelucr\u0103ri a datelor care se bazeaz\u0103 pe consim\u021b\u0103m\u00e2ntul dvs. Retragerea nu va afecta legalitatea prelucr\u0103rii pe baza consim\u021b\u0103m\u00e2ntului acordat \u00eenainte de retragere, pentru executarea unui contract, \u00een vederea \u00eendeplinirii unei obliga\u021bii legale sau \u00een scopul urm\u0103ririi intereselor noastre legitime.<\/p>\n<p>Dreptul de acces &#8211; \u00eenseamn\u0103 c\u0103 ave\u021bi dreptul de a ob\u021bine o confirmare din partea noastr\u0103 c\u0103 prelucr\u0103m sau nu datele cu caracter personal care v\u0103 privesc \u0219i, \u00een caz afirmativ, ave\u021bi acces la datele respective \u0219i la informa\u021biile privind modalitatea \u00een care sunt prelucrate aceste date.<\/p>\n<p>Dreptul la portabilitatea datelor &#8211; se refer\u0103 la dreptul de a primi datele personale \u00eentr-un format structurat, utilizat \u00een mod curent de c\u0103tre noi \u0219i care poate fi citit automat, dar \u0219i la dreptul ca aceste date s\u0103 fie transmise direct altui operator, dac\u0103 acest lucru este fezabil din punct de vedere tehnic.<\/p>\n<p>Dreptul la opozi\u021bie &#8211; vizeaz\u0103 dreptul dumneavoastr\u0103 de a v\u0103 opune prelucr\u0103rii datelor personale atunci c\u00e2nd prelucrarea este necesar\u0103 pentru \u00eendeplinirea unei sarcini care serve\u0219te unui interes public sau c\u00e2nd are \u00een vedere un interes legitim al operatorului. Atunci c\u00e2nd prelucrarea datelor cu caracter personal are drept scop marketingul direct sau prelucr\u0103ri efectuate \u00een baza consim\u021b\u0103m\u00e2ntului expres, ave\u021bi dreptul de a v\u0103 opune prelucr\u0103rii \u00een orice moment.<\/p>\n<p>Dreptul la rectificare &#8211; se refer\u0103 la corectarea, f\u0103r\u0103 \u00eent\u00e2rzieri nejustificate, a datelor cu caracter personal inexacte. Rectificarea va fi comunicat\u0103 fiec\u0103rui destinatar la care au fost transmise datele, cu excep\u021bia cazului \u00een care acest lucru se dovede\u0219te imposibil sau presupune eforturi dispropor\u021bionate.<\/p>\n<p>Dreptul la \u0219tergerea datelor (\u201edreptul de a fi uitat\u201d) &#8211; \u00eenseamn\u0103 c\u0103 ave\u021bi dreptul de a solicita \u0219tergerea datelor cu caracter personal, f\u0103r\u0103 \u00eent\u00e2rzieri nejustificate, \u00een cazul \u00een care se aplic\u0103 unul dintre urm\u0103toarele motive: acestea nu mai sunt necesare pentru \u00eendeplinirea scopurilor pentru care au fost colectate sau prelucrate; v\u0103 retrage\u021bi consim\u021b\u0103m\u00e2ntul \u0219i nu exist\u0103 niciun alt temei juridic pentru prelucrare; v\u0103 opune\u021bi prelucr\u0103rii \u0219i nu exist\u0103 alte motive legitime care s\u0103 prevaleze; datele cu caracter personal au fost prelucrate ilegal; datele cu caracter personal trebuie \u0219terse pentru respectarea unei obliga\u021bii legale; datele cu caracter personal au fost colectate \u00een leg\u0103tur\u0103 cu oferirea de servicii ale societ\u0103\u021bii informa\u021bionale.<\/p>\n<p>Dreptul la restric\u021bionarea prelucr\u0103rii &#8211; poate fi exercitat \u00een cazul \u00een care persoana contest\u0103 exactitatea datelor, pe o perioad\u0103 necesar\u0103 verific\u0103rii corectitudinii datelor; prelucrarea este ilegal\u0103, iar dumneavoastr\u0103 v\u0103 opune\u021bi \u0219tergerii datelor cu caracter personal, solicit\u00e2nd \u00een schimb restric\u021bionarea; \u00een cazul \u00een care ASOCIA\u021aIA MACEDONENILOR DIN ROM\u00c2NIA nu mai are nevoie de datele cu caracter personal \u00een scopul prelucr\u0103rii, dar persoana i le solicit\u0103 pentru constatarea, exercitarea sau ap\u0103rarea unui drept \u00een instan\u021b\u0103; \u00een cazul \u00een care persoana s-a opus prelucr\u0103rii pentru intervalul de timp \u00een care se verific\u0103 dac\u0103 drepturile legitime ale operatorului prevaleaz\u0103 asupra celor ale persoanei respective.<\/p>\n<p>Dreptul de a depune o pl\u00e2ngere &#8211; pl\u00e2ngeri referitoare la prelucrarea datelor personale pot fi adresate Autorit\u0103\u021bii Na\u021bionale de Supraveghere a Prelucr\u0103rii Datelor cu Caracter Personal la urm\u0103toarele date de contact:<\/p>\n<p>&#8211; adresa po\u0219tal\u0103 \u2013 Str. B-dul Gheorghe Magheru nr. 28 \u2013 30, sector 1, Bucure\u0219ti, Rom\u00e2nia<\/p>\n<p>&#8211; adres\u0103 e-mail \u2013 anspdcp@dataprotection.ro<\/p>\n<p>&#8211; telefon : +40 318 059 211 sau<\/p>\n<p>\u00a0\u00a0\u00a0\u00a0\u00a0\u00a0\u00a0\u00a0\u00a0\u00a0\u00a0\u00a0\u00a0\u00a0 \u00a0\u00a0 \u00a0+40 318 059 212<\/p>\n<p>\u00a0<\/p>\n<p>Pentru exercitarea acestor drepturi, precum \u0219i pentru orice \u00eentreb\u0103ri suplimentare cu privire la aceasta informare sau \u00een leg\u0103tur\u0103 cu utilizarea de c\u0103tre Uniune a datelor personale, v\u0103 rug\u0103m s\u0103 contacta\u021bi ofi\u021berul nostru pentru protec\u021bia datelor, aleg\u00e2nd oricare din modalit\u0103\u021bile de comunicare descrise mai jos.<\/p>\n<p>Ne pute\u021bi contacta:<\/p>\n<p>\uf0d8\u00a0\u00a0\u00a0\u00a0\u00a0\u00a0\u00a0\u00a0\u00a0\u00a0\u00a0\u00a0 Prin email &#8211; la adresa: contact@asociatia-macedonenilor.ro\u00a0<\/p>\n<p>\uf0d8\u00a0\u00a0\u00a0\u00a0\u00a0\u00a0\u00a0\u00a0\u00a0\u00a0\u00a0\u00a0 Personal sau printr-o cerere trimisa prin posta &#8211; la Sediul Asocia\u021biei (la adresa men\u021bionat\u0103 la pct. 1); sau<\/p>\n<p>\uf0d8\u00a0\u00a0\u00a0\u00a0\u00a0\u00a0\u00a0\u00a0\u00a0\u00a0\u00a0\u00a0 Telefonic &#8211; la num\u0103rul: 0722.251.947<\/p>\n\n\n<p><\/p>\n","protected":false},"excerpt":{"rendered":"<p>Urm\u0103toarea informare este conceput\u0103 pentru a v\u0103 aduce la cuno\u0219tin\u021b\u0103 aspectele cu privire la prelucrarea datelor dvs. personale \u0219i la drepturile dvs. privind aceast\u0103 prelucrare \u00een conformitate cu: REGULAMENTUL (UE) 2016\/679 AL PARLAMENTULUI EUROPEAN \u0218I AL CONSILIULUI din 27 aprilie 2016 privind protec\u021bia persoanelor fizice \u00een ceea ce prive\u0219te prelucrarea datelor cu caracter personal \u0219i [&hellip;]<\/p>\n","protected":false},"author":1,"featured_media":0,"parent":0,"menu_order":0,"comment_status":"closed","ping_status":"open","template":"","meta":{"_et_pb_use_builder":"","_et_pb_old_content":"","_et_gb_content_width":"","footnotes":""},"class_list":["post-3","page","type-page","status-publish","hentry"],"_links":{"self":[{"href":"https:\/\/asociatia-macedonenilor.ro\/index.php\/wp-json\/wp\/v2\/pages\/3","targetHints":{"allow":["GET"]}}],"collection":[{"href":"https:\/\/asociatia-macedonenilor.ro\/index.php\/wp-json\/wp\/v2\/pages"}],"about":[{"href":"https:\/\/asociatia-macedonenilor.ro\/index.php\/wp-json\/wp\/v2\/types\/page"}],"author":[{"embeddable":true,"href":"https:\/\/asociatia-macedonenilor.ro\/index.php\/wp-json\/wp\/v2\/users\/1"}],"replies":[{"embeddable":true,"href":"https:\/\/asociatia-macedonenilor.ro\/index.php\/wp-json\/wp\/v2\/comments?post=3"}],"version-history":[{"count":5,"href":"https:\/\/asociatia-macedonenilor.ro\/index.php\/wp-json\/wp\/v2\/pages\/3\/revisions"}],"predecessor-version":[{"id":2473,"href":"https:\/\/asociatia-macedonenilor.ro\/index.php\/wp-json\/wp\/v2\/pages\/3\/revisions\/2473"}],"wp:attachment":[{"href":"https:\/\/asociatia-macedonenilor.ro\/index.php\/wp-json\/wp\/v2\/media?parent=3"}],"curies":[{"name":"wp","href":"https:\/\/api.w.org\/{rel}","templated":true}]}}